late 269 + -267 - (36 - -5).
-39
Evaluate 104 - (-71 + 323 + -38).
-110
What is the value of -145 - (1165 + -1151 - (0 - -44))?
-115
Calculate -3203 - -3211 - (-8 + -4).
20
What is the value of 41 - (31 + -18 + -8)?
36
Evaluate (-97 - -100) + (10 + -15 - (33 - (3 - 1))).
-33
Calculate 29 + (-148 + 20 - -19) + -8.
-88
What is 2 + -24 + -56 + -138 + 241?
25
Evaluate 78 + -212 + 153 + -11 + 0 + 0.
8
10 + (8 - -7) + -3 + (4 - 1)
25
Calculate -24 - ((63 - (-4 - -27)) + -21).
-43
Calculate 79 + (43 - 17) + 16.
121
What is the value of -29 + 77 + 0 + -47 + 35 + (0 - -1)?
37
Calculate 39 + -87 + (13 - -26) + 103.
94
Calculate 0 - (47 + -2) - (-13 + (14 - 4)).
-42
What is (132 - 203 - (1 - 2 - (-2 - -1))) + -10?
-81
Calculate (-2 + 24 - 4) + -10 + (3 + -6 - 74).
-69
What is the value of -1 + -1 - -6 - ((2 - 55) + 59)?
-2
Evaluate (-27 + 13 - -32 - (20 + -5)) + (3 - -22).
28
Evaluate 75 + -6 + 7 + -49 + 84 + -48.
63
(-5 - -22 - 98) + 48
-33
What is 200 - (33 + -15 + 72)?
110
What is the value of 14 - 0 - (16 - 1) - (-10 + 3) - -65?
71
What is the value of (2 - 2) + (87 - -24) + -116?
-5
Evaluate 43 + 7 + -10 + (2 + -8 - (-27 - -13)).
48
Evaluate -4 + (8 - (0 + -20 - (-27 - 16 - -27))).
8
What is (0 + -89 - (56 + -80)) + (7 - -1 - 2)?
-59
Calculate -14 + (1 - -1) + (71 + -2 - 81) + 5.
-19
Calculate -36 + 9 + 44 - -31 - (2 + -16).
62
Evaluate 30 + 1 - (168 - (155 + 5)).
23
What is the value of 0 + -7 - (8 - (2 + -17 - 2))?
-32
What is the value of 1 + 1 + -14 + 8 - (0 - -5) - 27?
-36
11 + (-22 + -1 - (585 + -461))
-136
(-9 - -9 - 13) + 212 + -271
-72
892 + -871 + (-1 - -6)
26
What is 1 + -14 + -3 + -1 - (-864 + 806)?
41
Calculate (-2 - 0) + 11 + -9974 + 9980 + -2 + 37.
50
9 + -1 + 2 + -2 + -251 + 251
8
What is (51 + (-2 + 5 - 5) - -8) + -4 + -2?
51
Calculate (48 - 170) + 83 + 0.
-39
What is (58 - 10 - 15) + -17 - -19?
35
What is the value of -15 + 21 + 17 - 31 - -32?
24
What is the value of -79 - (11 + (7 + -2 + -16 - 8))?
-71
Calculate (377 - 329) + (0 - 8).
40
Calculate -1 + (24 + (-3 - 3) + (95 - 102) - 18).
-8
What is -9 + (-21 - -3 - (124 - 145) - (-3 - -15))?
-18
Calculate (544 - 536) + (-2 - (61 - -1)).
-56
What is the value of -11 - (-1 - 47 - (16 + 0 + -27 - -8))?
34
What is the value of 556 - 547 - ((6 - (1 - (-5 + 1))) + -65)?
73
Calculate 32 + -45 - 39 - -21 - -100.
69
What is the value of (9 - (-18 - -16)) + -38 + 26?
-1
Evaluate -90 + 28 + 31 + 27 + -3.
-7
What is 649 + -667 + 4 + -1?
-15
(337 - 393) + 3 + -3
-56
Evaluate 3 - -34 - (-1318 + 1313 - ((1 - 2) + -13)).
28
What is 35 - (33 + 32) - (-54 + 6)?
18
Calculate 14 + -8 + -106 + -45 + 42 + -3.
-106
What is 5 + (-18 - (21 + -18 + 12))?
-28
(-18 + -4 - (-6 - -21)) + -5 + -1
-43
-36 - (11 + -41) - (105 + -6 - (-1 - -4))
-102
Calculate 11 + (-1545 + 1548 - (-1 - (1 - -5))).
21
Calculate (-10 - 0) + (48 - (-39 - -86)) - (64 - -3).
-76
What is the value of (-397 - -390) + 60 + -11?
42
(-1022 - -984) + -1 + 82 - 105
-62
What is the value of -7 - (74 - 33) - -50?
2
Calculate -134 + 31 + 235 + -138.
-6
What is -23 + 43 - 1 - (-1 + 0)?
20
Evaluate (-36 - (-65 + 52)) + 62 + -2.
37
Calculate 17 + (30 + -23 - 20).
4
Calculate 24 + -15 + 87 + -136.
-40
Calculate (32 + (6 - (34 - 10)) - 76) + -14.
-76
Calculate (39 + -1 - (-2644 + 2687)) + -28 + 0.
-33
What is -12 - (26 + -5 + -14) - -1?
-18
Calculate 0 + -15 + -3951 + 3987.
21
What is -46 + 16 + -21 - -8?
-43
What is 76 + (-39 - (5 - 45))?
77
What is 15 + 29 + -15 + -3 + -30?
-4
What is the value of 3 + -15 + -31 + 59?
16
Evaluate -15 + 23 + -5 - -7 - (-45 - 3).
58
Calculate -16 + 11 + 21 + -41 - (5 - (5 + -2)).
-27
Evaluate (-5907 - -5876) + (-3 - -2 - 3).
-35
Evaluate 1 + -76 - ((-64 + 32 - -26) + 7).
-76
Evaluate -20 - ((-5 - -40) + (47 - 57)).
-45
What is -3 + 2 + 7 + -60 + 6 + 44 + -5?
-9
Evaluate -5 + 38 - (-135 + 134).
34
Evaluate 389 + -409 + 13 + 3 - 24.
-28
(2 - -22) + (-74 - -145) + -30
65
Evaluate (-9 + -6 + 17 - (11 + -12)) + -13.
-10
Evaluate 107 - (-65 + -50 + 106).
116
-118 + (5 - 1 - (49 - -1 - 52))
-112
What is (-224 - -232) + -10 + -48?
-50
-71 + (32 - (69 + -48))
-60
What is the value of ((-45 - -18) + 8 + -11 - 2) + -1?
-33
Evaluate 57 - (26 - (27 - 1)).
57
What is the value of -711 + 663 + 22 + -6 + 7?
-25
What is 10 + (-2 - (-12 + 5 + (8 - 3)) - 44)?
-34
What is the value of 67 - (39 + -36 + (-12 - -1))?
75
-12 + (-2 - 28) + (-14 - -10)
-46
Evaluate -35 + 22 + 22 - (-9 - -67).
-49
What is the value of -30 - (8 - -12 - 8 - -21)?
-63
Evaluate 3665 + -3695 - (1 + -19).
-12
Calculate -2 + 1 + (-9 - ((-28 - -46) + -38)) + 102.
112
Calculate -43 - (-46 - -122) - -4.
-115
What is (11 - (1 - (4 + -13 - -7))) + (-5 - 80)?
-77
-764 + 763 - (1 - (-5 + -1 + -1))
-9
-44 + 4 + -16 + -8
-64
4 + -48 + 20 + 16 + -4 + 38
26
Calculate -171 + 35 + 78 - 4.
-62
What is the value of (-74 - (-54 - 4)) + (48 - 0) + -2?
30
What is -14 + 23 + -9 + -33 - 6?
-39
What is the value of 47 - (61 + -65 + (-2 - -1) + 11)?
41
Calculate 2 - ((19 - -1) + -55 + (-24 - -20)).
41
What is the value of (0 - -5) + -52 + -104 + 99 + 3?
-49
What is the value of 5 + (-10 - (-60 - ((-7 - 2) + 14)))?
60
Calculate -3 + 36 - (-57 - -128).
-38
8 + -5 + -9 + 17 + -8 - 4 - -4
3
(-17 - -17) + -76 - -58
-18
What is 9 + -62 + (4 - -4) + (9 + -1 - 7)?
-44
What is the value of 91 + (-172 - (-124 - -5))?
38
22 + -20 + (56 + 9 - -5)
72
What is -8 + -49 + 128 + -25?
46
What is the value of (-18 - -2) + 26 + 11 + 17?
38
Calculate 118 + -35 + -4 + -37.
42
Calculate (6 - (-10 - (-3 - 3))) + (-40 - (-16 - -20)).
-34
Evaluate 0 + 26 + 72 - (-76 + 112).
62
What is the value of -16 + (-4 - -18) + 36 + -24 + 5?
15
(-1228 - -1167 - (-9 + (3 - (1 + 0)))) + -11
-65
What is -45 + (-3 - -29) + 16 - 53?
-56
What is 17025 + -17036 - (15 - (1 - 0 - 1))?
-26
What is 6 + 17 - ((12 - -51) + -31)?
-9
What is the value of (2 - 6) + (-13 - (12 - -17))?
-46
What is the value of 22 + -8 + 3 + (0 - (13 - 11))?
15
Evaluate (4 - (-1 - -3)) + 3 - (-651 - -676).
-20
What is -3 + -28 + (-4 + 8 - (-17 + 14)) - 3?
-27
What is -39 + 8 + 19 - -38?
26
What is -8 + (7 - (1 + 4)) + (-70 - -47)?
-29
-58 + 1 - (53 + -36 - 37)
-37
Calculate (60 + 23 - 68) + 29.
44
What is (-1 - -34) + (-2 - 8) + 16?
39
What is -17 - (-11 - (11 + (-7 - 3))) - 1 - -64?
58
Evaluate (27203 - 27034) + 0 + -97.
72
What is 46 + -2 + 38 + (-10 - 108)?
-36
Calculate 1 + 74 + -2 - (599 + -554 + -1 + -40).
69
Evaluate -1 + -2 + (-16 - (-2 + -32)) + 34.
49
Evaluate -48 + -29 + -16 - (-7 + 7 - (3 + 1)).
-89
What is (29 - -1) + 21768 + -21748?
50
What is the value of (92 - (33 - -3)) + -99?
-43
What is the value of 503 - 537 - (1 - (7 + (-6 - -2)) - 4)?
-28
What is the value of -21 + 58 + -17 - (14 - -37)?
-31
What is the value of 18 + -9 - (4 - -4 - -40)?
-39
Evaluate (4 + -13 - 9) + (79 - 31).
30
What is the value of 31 - (59 + 40) - -29?
-39
What is (-87 - -67) + 1 + 2 + 62?
45
Evaluate 0 - 8 - (0 + -30 - (42 - (23 + 6))).
35
What is the value of -46 + -1 + 456 + -447 + -3 + -1 + -15?
-57
Calculate (-105 - 92 - -100) + 18.
-79
Calculate (-199 - -100) + 44 + -5.
-60
What is (-1 - (-20 - (15 + -152))) + 11 - (0 - 7)?
-100
(2 + -1 - (-3 + -114 - -3)) + (-140404 - -140392)
103
What is -14 - (93 - 103 - (3 - (1 + 9))) - -38?
27
22 - (3 - 8 - 3)
30
Evaluate 1 + -4 + (1 - -20 - -6).
24
What is the value of 21 + -2 + 0 - (2139 + -2140)?
20
18 - (-9 - (68 + -69))
26
-129 + (63 + 69 - 37)
-34
What is 4 + -5 - (-48 + 104 + -33) - -87?
63
Calculate 161 + 88 + -105 + -125.
19
What is the value of 7 + 36 + (8 + -27 - -15 - -1)?
40
Calculate 2 + -1 + -5 - ((40 - -10) + (-8 - -3)).
-49
What is the value of 21 - (57 + -34) - 22?
-24
What is the value of -15 + 40 + -15 + -2 - 31?
-23
8 - (7 + -4 + -48 + 49)
4
What is 2 + (13 - (-1 + 16)) + (-29 - -7)?
-22
Evaluate -10 + -57 - (-49 - 12).
-6
(42 - 29) + (11 - 3 - (1 + 8 - 0))
12
Calculate (-4 + 59 + 8 - (-19 + 0)) + 5.
87
What is 36 + 3 - (43 + (-46 - -17))?
25
What is the value of 33 + 60 + (-32 - 8) + -13?
40
Evaluate (85 - 157) + 63 - ((1 - 17) + -2).
9
What is the value of -50 - (-1 + -4 - (8 - (7 + 4 + 8)))?
-56
(-6 - (24 + (-3 - 4)) - 2) + (7 - 1)
-19
Evaluate (-41 - (30 - 106)) + -82 + -49.
-96
What is 1 + 1 + (46 - 1) + (196885 - 196911)?
21
Evaluate (11 - (1 + -1)) + (4593 - 4568).
36
Evaluate (2 - 46) + -1654 